)*3. Let n = s - 1. Let g(k) = -4*k + 3*k + 13 - n + 3. Calculate g(0).
14
Let s(h) = 0 + 0*h**3 + h**3 - 6*h**2 + 1 + 6*h. Let x = -20 + 24. Suppose -x*t + 15 = -5. Determine s(t).
6
Let o(c) = -3*c + 11. Let a = -134 - -139. Determine o(a).
-4
Let p(z) be the third derivative of z**4/24 + 2*z**3/3 - 2*z**2 - 11. Suppose -15 = -2*n - 3*n. What is p(n)?
7
Let p(w) = 17*w**2 - 28*w + 30. Let v(i) = 5*i**2 - 9*i + 10. Let k(x) = -2*p(x) + 7*v(x). Calculate k(7).
10
Let h = 5 - 9. Let i be (21/(-12))/((-1)/h). Let s(k) be the first derivative of -k**3/3 - 9*k**2/2 - 10*k + 7. What is s(i)?
4
Let k(c) = 2*c + 2. Let m be k(2). Let z(x) be the first derivative of x**4/24 + 5*x**3/6 + 7*x**2/2 + 18. Let j(a) be the second derivative of z(a). Give j(m).
11
Let k(y) = -44 + y + 18 + y + 20. Let l(z) = z**2 - 10*z + 13. Let d be l(9). Give k(d).
2
Let m(x) = 0*x**2 + 2*x**2 + 3*x - 2*x**3 + 0*x**2 - 2. Let p = 167 - 165. Determine m(p).
-4
Let w(g) = -1 + 9 + 1 - g. Let n(u) = -3*u - u**3 + 11 - 8*u - 23 - 10*u**2. Let c be n(-9). Determine w(c).
3
Let k(t) = -t**2 + t - 2. Let g(v) = 3*v**2 - 11*v + 16. Let o(i) = g(i) + 2*k(i). Calculate o(8).
4
Let y(g) = -48*g**3 - 9*g + 2 + 14*g**3 + 35*g**3 - g**2. Determine y(-3).
-7
Let k(a) = -2*a**2 - 5*a + a**2 + 6*a**2 - 4*a**2 - 2. Let h be k(5). Let p(c) = 5*c + 1. Give p(h).
-9
Let a(s) = -8 - 15 + 2*s + 10. Let r(g) = -10*g**2. Let y be r(1). Let l = y + 19. Determine a(l).
5
Let f = 65 + -65. Let m(p) be the third derivative of -p**5/60 + p**4/24 + 3*p**3 - 16*p**2 - 2. Determine m(f).
18
Let p(k) = -k**2 + 9*k + 6. Suppose -2*r - 3*i + 25 = 2, -44 = -4*r - 4*i. Give p(r).
-4
Let k(d) be the first derivative of 1/4*d**4 + 1/2*d**2 + 5 + 0*d**3 + 6*d. Suppose 2*s - 6*s = 0. Give k(s).
6
Suppose 9*l - 4*l + 2*g - 19 = 0, g + 7 = 3*l. Let x(d) = -3 + 4 + 6*d - l - 1. Calculate x(2).
9
Let o(z) = -z**3 - 2*z**2 + 5*z - 6. Suppose -25*x = -27*x - 6. Calculate o(x).
-12
Let s(g) = g**3 + 1. Let b(d) = -4*d**3 - 3*d**2 + 3*d + 1. Let r(o) = b(o) + 3*s(o). Suppose 3 = -2*w - 5*p, 4*p = 3*w - p + 17. Determine r(w).
8
Let j(i) be the second derivative of -i**3/6 + 7*i**2/2 - 159*i. Calculate j(8).
-1
Let z(d) = d**3 + 4*d**2 - 3*d + 2. Let q(s) = -s**3 + 24*s**2 - 5. Let x be q(24). Give z(x).
-8
Let y(s) = -2 + 2*s + 7*s**2 - 4*s**2 - s. Suppose -2*g + 18 = -0*g. Let b = g + -11. Calculate y(b).
8
Let v(x) = x**3 + 7*x**2 - 9*x - 5. Suppose -5*a + u = 38, -5*a - 15 - 21 = -2*u. Give v(a).
3
Let s(m) = -6*m**2 - 8*m + 1. Let y(p) = -3 + 8 + 7*p**2 + 7 - 13 + 8*p. Let j(i) = -6*s(i) - 5*y(i). Suppose -2*k + 7 = -3*k. What is j(k)?
-8
Let l(m) = -m**3 + 8*m**2 + 11*m - 1. Let a(y) = y**2 + 16*y - 96. Let t be a(-21). Give l(t).
17
Let b(z) be the third derivative of z**5/60 - 3*z**4/8 + 2*z**3 - 12*z**2. What is b(9)?
12
Let c be -4*(-2 + 1)/(-1). Suppose -4*q = 3*b - 24, -5*q - b = -4*b - 3. Let z(u) = 0*u - 4*u + 5*u + q*u + 1. Calculate z(c).
-15
Let b(t) = 0*t - t**2 + t - 6 + 2*t. Let f be 20/70 - 556/(-14). Suppose f = 6*l + 16. What is b(l)?
-10
Let p = 24 + -15. Let i = 642 - 617. Let m(g) = -g**3 + i*g**2 + p*g - 29*g**2 - 2*g + 2. Give m(-5).
-8
Let p(v) = -3*v**2 - 1. Let d = -478 - -476. Give p(d).
-13
Let a(j) = 3*j - j**3 + 91 - 93 + j - 2*j. Give a(2).
-6
Let y(t) = 3*t + 3. Suppose -2*m - 3*f + 52 = 0, 1 = 5*f - 9. Let l = -13 + m. Suppose 0 = 4*h - 4*n + 2 - l, 4*n + 17 = h. Determine y(h).
-6
Let o(y) = 3*y**2 + 23*y - 11. Let f(r) = r**2 + 10*r - 5. Let x(c) = -5*f(c) + 2*o(c). What is x(3)?
0
Let y(l) = -l**3 + 6*l**2 - 3*l - 1. Let r = -62 - -82. Let t be (r/8 - 3)*-10. Calculate y(t).
9
Let y be (2 - 7)*(-2)/5. Let l(k) = -k + 0*k + y*k - 1 + 0. Let x(d) = -2. Let s(u) = -l(u) + x(u). What is s(4)?
-5
Let m(z) = -2*z**2 + 9*z + 8. Suppose l = -4*s + 11, -2 = -l - 5*s + 10. Calculate m(l).
-27
Let w(m) be the second derivative of m**5/20 - 3*m**4/4 + 5*m**3/2 - 3*m**2 + 468*m. Calculate w(6).
-24
Let l(p) = -p**3 - p**2 - 2*p - 1. Suppose 2 = 5*w - 7*w. What is l(w)?
1
Let x be 51/15 + 4/(-10). Let g(c) = -4*c**2 - 9*c - 7. Suppose -f - 2*f = -6. Let j(b) = -b**2 - 3*b - 2. Let s(o) = f*g(o) - 7*j(o). What is s(x)?
0
Let y(q) = q**2 - 10*q + 5. Let w(a) = 2*a - 1. Let s(i) = -11*w(i) - 2*y(i). What is s(-2)?
-3
Let k(y) = -y**3 - 3*y**2 + 4*y - 1. Suppose 0 = -4*s - 12 + 16. Let w be k(s). Let f(h) = 6*h**3 + h**2 + h + 1. What is f(w)?
-5
Let m(z) = -z**3 + 4*z**2 + 3*z + 3. Let u = 2 - 2. Let q be (-6)/(-14) - (-1334)/203. Suppose 9*a - q*a - 8 = u. Give m(a).
15
Let k(i) = -157*i + 1089. Let a be k(7). Let h(z) = -z - 10. Let t(r) = -2*r - 20. Let o(g) = 9*h(g) - 4*t(g). What is o(a)?
0
Let q(v) = -v**2 + 5*v + 5. Let j(p) = p**2 + 7*p - 53. Let z be j(-12). Calculate q(z).
-9
Let d(m) = m - 4. Suppose -4*l = -5*x + 15 - 0, -3*l = -x + 3. Suppose -57 = -x*a - 21. Suppose 0*c = -3*c + a. What is d(c)?
0
Let c be (-15)/3*(-1 + (-3)/(-5)). Let i(j) = -2 - 10*j + 7*j + 0 - c*j**2. Let d be 32/(-14) + 2/7. Calculate i(d).
-4
Let n(z) = 74*z + 68*z - 218*z + 0 - 13 + 74*z. Give n(-7).
1
Let q(s) = s + 3. Suppose -65*h + 66*h = 71. Suppose 9*n + h = -28. Give q(n).
-8
Let y(v) = -v**2 - 3. Let l be 3/(-2)*10/15. Let x be (-6 - -9)*(2 + l). Calculate y(x).
-12
Let c = -569 + 571. Let q(u) be the second derivative of 1/2*u**3 + 0*u**c + 0 + 9*u. Determine q(-2).
-6
Let q(o) = -o**3 - 9*o**2 + o + 12. Suppose -2*z + 3 = 2*y + 19, -39 = 4*y - 3*z. Calculate q(y).
3
Let r(n) = 8*n - 2. Let d(a) = 10*a - 1. Let q(z) = 3*d(z) - 4*r(z). Give q(3).
-1
Let a(u) = 5*u + 6. Let r be 4/(7 - (-225)/(-27)). What is a(r)?
-9
Let r(w) = w - 5. Let v be ((-45)/(-20) + -1)*4. Let j(o) = 6*o + 5. Let h(l) = 3*l + 3. Let c(p) = v*h(p) - 2*j(p). Let u be c(-3). Calculate r(u).
-9
Let c(o) be the third derivative of o**6/40 + o**5/12 + o**3/2 + 9*o**2. Let i(n) = n**3 - n**2 - 1. Let b(q) = -c(q) - 4*i(q). Give b(-1).
7
Let x(m) = -m**2 + 0*m - 9*m + 3*m - 2*m + 3. Let f be x(-9). Let v = f - -6. Let z(h) = h**3 + h**2 + h - 2. Give z(v).
-2
Let f(y) = -3*y - 6. Suppose 0 = 8*k - 3*k. Suppose -6*d + 3*d + 9 = k. Let m = d - 7. Give f(m).
6
Suppose 4*g - 36 = -u + 2*u, 2*g - 18 = -2*u. Let n(b) = b**2 - 9*b - 2. Let a be n(g). Let l(x) = -6 - 131*x + 128*x + 3. Give l(a).
3
Let j(s) = -3*s + 15. Let h(l) = -l + 3. Let m(x) = -2*h(x) + j(x). Suppose -4*k + 1 = -23. What is m(k)?
3
Let k(m) = -m + 19043 - 19043. What is k(4)?
-4
Let d(i) = -2*i + 17 + 17*i**2 - 38 + 22. Give d(1).
16
Let k(y) = -5*y - 5*y - y - 3 + 2*y. What is k(-3)?
24
Let q(p) = -4*p - 34. Let d be q(-10). Let c(h) be the first derivative of h**2/2 - 5*h - 22. Give c(d).
1
Let n(j) be the second derivative of -j**5/20 - 3*j**4/2 - j**3/6 - 17*j**2/2 + 2*j - 6. Determine n(-18).
1
Let r(n) = -2*n**2 + 221 - n + n**2 + 2*n**2 - 2*n**2 - 209. Suppose j - 4 = 4*y, j - 2 = -0*j + 2*y. What is r(j)?
12
Let f(w) = -2*w + 1. Suppose 4*d + u = 30, d - 2*d - 3 = -5*u. Let j be 2/d - (-38)/14. Let c be (2 - -2)/(-4) - j. Calculate f(c).
9
Let p(q) be the second derivative of q**4/12 - q**3/2 + q**2 + 418*q. Give p(4).
6
Let k(u) = 7*u - 386. Let b(n) = n - 63. Let y(t) = 6*b(t) - k(t). Let j be 1*(-2 + 3) - -1. Suppose j*i = i. Determine y(i).
8
Let y(m) = 2*m + 5. Let l(n) = n + 1. Let k(o) = -l(o) + y(o). Let w = 2 + 3. Suppose 9 = -5*t + r - 13, 4*t + 26 = w*r. Calculate k(t).
0
Let l(n) = n**2 - 9*n + 5. Suppose 2*x = -4*o + 34, 13 = -3*o + 7*o - 5*x. What is l(o)?
-9
Suppose 0 = -5*n - 38 + 133. Let d(u) = u**2 - 33*u + 17*u - 5 + n*u. Suppose 0*a + a = -2*h - 11, -h - 4*a = 16. What is d(h)?
-1
Suppose 0 = i - 2*f + 34, -2*i - 5*f + 0*f - 86 = 0. Let s = -41 - i. Let c(d) = d**2 + d - 1. Give c(s).
5
Let i(v) = -8 + 0 - 142*v + 144*v. Give i(6).
4
Let x(p) be the third derivative of -p**5/40 - p**4/12 - 8*p**3/3 - 15*p**2. Let t(i) be the first derivative of x(i). What is t(-5)?
13
Let g be 30/(-8) + 18/(-72). Let l(s) = -2*s**2 - 6*s - 10. Give l(g).
-18
Let m be (3 - (-4 - -3)) + 4. Let w be (-9 + m)/(3/(-6)). Let h(u) = -2*u - w + 3*u - 2*u - 3. Give h(-5).
0
Let m(u) = -5 - u - u - u + 2*u. Give m(-5).
0
Let q(o) be the third derivative of o**4/24 + 5*o**3/3 - 5*o**2 + 2*o. Determine q(-5).
5
Let l = -725 + 722. Let h(w) = -w + 2*w**2 + 5*w - w. Gi